z + 10 = 3*g. Suppose 0 = -4*k - 5*m + 3392, 5*k - 2*m - 3441 - 832 = g. Is k a composite number?
False
Is 1*-3 - (14438/(-5 + 4) - 6) a prime number?
False
Let b be (-3)/9 + (-41963)/(-87). Suppose 471*n = b*n - 100837. Is n a composite number?
True
Suppose 22 = 5*g - 3. Suppose 25 + 45 = g*f. Suppose -2*o = -f*o + 56652. Is o a composite number?
False
Let v = -1142 + -197. Let d be (-2 + 25/10)/(-1)*-3852. Let p = d + v. Is p a prime number?
True
Is ((-2 - -1) + 2)/(28*63/198409428) a composite number?
True
Let a = 881059 - 626130. Is a prime?
True
Suppose 0 = 8*d - 12*d. Let z be ((-14)/(-35))/((-3)/(-4395)). Suppose d = -9*y + 11*y - z. Is y prime?
True
Suppose -27*z + 24*z = 555. Let t = z + 309. Suppose 3*c - 63 = -b + 5, -2*b - 2*c = -t. Is b prime?
True
Let q be (-1)/(-7) + 2*108/56. Suppose 1588 = 4*v + 4*y, q*v - 4*y - 659 = 929. Is v prime?
True
Suppose 396 = 6*j + 6*j. Suppose 4*v = -j + 81. Suppose v*k - 9 = 699. Is k prime?
True
Suppose -5971163 = -12*l + 152425. Is l composite?
False
Suppose -25*y + 117760 = -57*y. Let u = y + 6269. Is u composite?
True
Let y = -261847 + 432620. Is y prime?
True
Is (-3*-5*(-3079842)/90)/(-1) composite?
False
Suppose 977433 = 14*n - 9051061. Is n composite?
False
Suppose 0 = 4*f - 2*f + 5*f. Let a be (-4)/(-10) + 1659/15. Is f/1 - (-4)/(4/a) a prime number?
False
Let n = 36 - 39. Is 0 + (-3642)/9*9/n prime?
False
Suppose 2*n + 12 - 44 = 0. Suppose n - 6 = 5*v. Suppose -b + 722 = 2*x + 3*b, v*x + b = 737. Is x prime?
False
Let c be (-7 + (-25990)/20)*(-8)/2. Suppose -3*a + 3912 = -3*z, -c = -4*a - 4*z + 3*z. Is a prime?
False
Suppose 7*w = a + 10*w - 3691, 2*a - 7414 = 2*w. Let j = a - -2074. Is j composite?
True
Suppose 3*q + 978 = 3*u + 6*q, -3*u + q + 994 = 0. Let x = -111 + u. Let s = x - -1574. Is s prime?
False
Let g = -65 + 75. Suppose g*c = 11*c + 980. Is 0/(-2) - (c - 2) a prime number?
False
Let x(i) = 155*i + 1. Let j be x(-1). Let w be (-1 - -2 - 15)/((-6)/(-123)). Let g = j - w. Is g a prime number?
False
Suppose 6*r = 3*r + 617517. Suppose -40*n + 94121 = -r. Is n prime?
True
Suppose 14715 = 4*i - 4*b - 51673, 0 = -i + 3*b + 16585. Is i prime?
True
Suppose 4*d = 2*b + 2012, 2*b - 1996 = -2*d - 2*d. Let g = -155 + d. Suppose -g = 2*w - 2232. Is w a composite number?
True
Suppose 706201 = 9*o + 2*r, 4*o - 5*r = 160764 + 153109. Is o a prime number?
True
Let m be 8/(-12) + 4600/24. Is 58*m*(-11)/(-22) composite?
True
Suppose 4*q = -3*r + 1455989, -11*r + 12*r - 5*q = 485298. Is r composite?
True
Suppose -33*q - 2*l + 809291 = -32*q, 5*l - 3237149 = -4*q. Is q a prime number?
False
Let a(w) = 17035*w**2 - 8*w + 16. Let c be a(2). Suppose -3*p = p - c. Is p a composite number?
True
Suppose 40 = -16*v + 12*v. Let h be (100/3)/v*6/(-5). Suppose b + b = -10, -h*b = -3*r + 1475. Is r prime?
False
Let l(u) = 12871*u**2 - 17*u + 17. Let w be ((-60)/10*2/6)/(-2). Is l(w) prime?
False
Let g be -5 + 12 - -2*(-1)/(-2). Let k be g/(4 - 0) + 2635. Suppose 6*o + k = 15*o. Is o a composite number?
False
Suppose -2*d - 3*r + 0*r + 17005 = 0, 0 = -5*r + 15. Let z = -6009 + d. Is z composite?
True
Suppose -2*m - 104641 = -f, 4*f + m - 287179 = 131421. Is f composite?
True
Let y = 42 - 50. Let j = y + 13. Suppose -717 - 7438 = -j*m. Is m a prime number?
False
Is (((-1708592043)/38)/29)/(0 - 6/4) prime?
True
Let k = -37 - -52. Suppose 0 = 16*p - k*p, -2*r + 49834 = 3*p. Is r composite?
False
Is (191991/42*2)/((-93)/(-651)) composite?
False
Suppose -5*z = 15*x - 18*x + 95072, z - 5 = 0. Is x a prime number?
True
Suppose -3*p - 3*u - 30 = 0, -2*p - 3*u = 2*u + 35. Is (-1877)/2*(90/p + 8) composite?
True
Suppose r = -76 + 82, 3*r = 5*m - 411397. Is m a prime number?
False
Let y = -1519 + 18918. Is y a composite number?
True
Let a be (-6 - 8)/((-2)/241). Let y = -1147 + a. Let x = y + -383. Is x a composite number?
False
Let v = -8253 + 2987. Let k = v - -3663. Let r = -564 - k. Is r prime?
True
Suppose -5*k + 7185332 + 2796023 = -5*b, -b + 7985114 = 4*k. Is k prime?
True
Let r = 319781 + -104316. Is r a prime number?
False
Suppose 168*b - 171*b + o = -2, -2*o - 2 = -5*b. Suppose -2*s = 58 - 48, -4*s + 26702 = b*k. Is k a composite number?
True
Let t be -2*(-3)/(6/(-1145)). Let x = t + 634. Let z = -300 - x. Is z a composite number?
False
Let n be 76/36 + (-6)/54. Suppose 4*f = -n*y - 2*y - 40, 5*y - 2*f + 15 = 0. Is 5 + y/1 - 4474/(-2) composite?
False
Suppose 2*r + 5*t = 522822 + 947469, 3*r = -3*t + 2205414. Is r composite?
True
Is (-2)/((-1)/11*108/24678) prime?
False
Let i = 21581 - 11490. Is i a composite number?
False
Is (-27179)/(25/(-200) + (-14)/16) a composite number?
False
Suppose -2*b + 18 = i - 125, -5*b + 134 = i. Let m = -141 + i. Suppose 0 = -m*r + 22089 - 1561. Is r a prime number?
False
Let y(i) = 41 + 84*i + 51 + 6 - 89*i. Is y(-31) composite?
True
Let l(d) = 3439*d - 198. Is l(5) composite?
True
Let g(y) = 375*y**3 - y**2 + 2*y - 13. Let x(r) = r**2 + 20*r + 55. Let t be x(-17). Is g(t) prime?
False
Suppose -52347441 + 9302822 = -95*n + 28*n. Is n a composite number?
False
Let r be (3 - 11)/(1/2). Let g be (66/22)/((-6)/r). Let c(z) = 14*z**2 + 5*z - 49. Is c(g) prime?
True
Suppose b + 4 = 3*b + 2*x, -x = 0. Suppose -b*w + 6 = -0, -5*u - 4*w = 113. Is 2/5 + (4 - 29015/u) prime?
False
Let o = 117494 + 178443. Is o a prime number?
True
Let c(u) = 122 - 463*u - 249 + 90. Is c(-2) prime?
False
Let m be (-2 + -2)*-2*-108. Let r = -317 - m. Let w = 1001 - r. Is w a prime number?
False
Suppose 3*i + 1 = x, -6*i + i = -x - 1. Let j be ((-28)/8 + x)/((-1)/(-3178)). Suppose 4*h - j = -3*l + 1146, 4*h + 16 = 0. Is l prime?
False
Let m = 299 - 304. Let l(r) = 631*r**2 + 11*r + 7. Is l(m) a prime number?
True
Let o(s) = -s**3 + 92*s**2 + 72*s - 265. Is o(-66) a composite number?
False
Suppose 4*a - a - 12 = 0. Let r = 3 - a. Is r + 3*131 - (-1)/1 prime?
False
Let r(a) = 42*a**2 + 176*a + 889. Is r(-73) a prime number?
True
Let y = 5 + -8. Let w = -44 + 34. Is -1 + 30/w*754/y composite?
True
Let g(w) = -70*w**3 + 3*w**2 - 1. Let j be 13/(-6) + (2 - 11/6). Is g(j) prime?
True
Suppose 3*n - u = 9 - 2, -n = -5*u - 21. Is n*(635 + 0)*1 a composite number?
True
Let i(k) = 1777*k - 29. Suppose 53 = 46*l - 131. Is i(l) a prime number?
True
Let j(x) = -x - 2. Let c be j(-7). Suppose 236*u - 313*u = 385. Is 13803/c - 2/u a prime number?
False
Let q = 52 - 43. Suppose -2*m = n + 7, n + 3*m + q = -n. Suppose 2*o + n*t = 4210, -3*o + 0*t = 5*t - 6317. Is o prime?
True
Suppose -56*t = -88 - 248. Suppose -4*l + 4 + 4 = 0. Suppose l*p + 2068 = t*p. Is p a composite number?
True
Is (-6)/(-22) + 60691875/275 + 19 prime?
False
Suppose 0 = 2*l - 4*s - 52934, 0 = -4*l + 2*s - 5112 + 110998. Is l a prime number?
False
Let i(q) = q**3 - 21*q**2 + 66*q + 62. Let n be i(27). Suppose j - 24144 = -2*y, 2*y + 3*j - n - 17930 = 0. Is y prime?
True
Let x = 32 - 30. Suppose 3*b = -x*i + 608 + 385, b + 2*i - 331 = 0. Suppose -7*v + 6*v + b = 0. Is v a composite number?
False
Is 78395*((-143)/(-5))/13 a prime number?
False
Is (15 - (-371)/(-14))*3862/(-1) a prime number?
False
Let f(n) = n**2 + 2*n - 7. Let m be f(7). Let z = -56 + m. Suppose z = 4*r - 2*s - 882, -2*s = 5*r - 0*s - 1125. Is r a composite number?
False
Suppose 637 = 2*o + 655, 1072565 = y + 4*o. Is y a prime number?
False
Suppose 3*i = i + 32. Suppose -5*w + i*w = -209. Let p(y) = -y**3 - 18*y**2 + 4*y + 34. Is p(w) a composite number?
True
Let a = 95 - 93. Suppose 0 = -a*p + 2710 + 666. Suppose r + 4*r + 5*g - 2080 = 0, p = 4*r - 4*g. Is r a composite number?
False
Let u = 379607 - -148922. Is u composite?
True
Suppose 63*i = 1881216 + 178065. Is i a composite number?
False
Suppose 2*h = 2*f - 514, -2*h + 6*h + 766 = 3*f. Suppose 4*o - f = 2*o. Is o prime?
True
Let k(q) = -804*q**3 - 3*q**2 - 24*q - 282. Is k(-7) composite?
True
Let x(c) = 23*c**2 + 167*c - 113. Is x(35) a prime number?
False
Let x be -2 + ((-314)/4 - (-5)/10). Let z be (x/6)/((-14)/1575). Let j = z - 1069. Is j a composite number?
False
Suppose 5*n = -2*v + 25 + 570, -5*n = v - 305. Suppose 0*c = c - 1927. Let s = c - v. Is s prime?
True
Suppose 0 = 3*b + i - 1459801, 36*i - 35*i = -2. Is b composite?
False
Suppose g = -6*g + 140. Suppose -88 = -14*x + 10*x. Suppose -g*s - 978 = -x*s. Is s prime?